Give i(v).
-13
Let z be (-6)/8*(-64)/48. Let q(y) = -z - y - 3*y + 2*y + 8. Suppose 10 = 5*i - 15. What is q(i)?
-3
Let v be (-5)/1*(-8)/(-5). Let y(t) = 4 + 153*t**2 - 8 - 7 - 466*t**2 + 152*t**2 + 9*t + 162*t**2. Give y(v).
-19
Let a(n) be the second derivative of -n**4/6 - 59*n**3/6 - 87*n**2/2 - 226*n - 6. What is a(-28)?
-3
Let i be (-15)/(-45)*(18 + -3) + -5. Let y(f) be the third derivative of 7/24*f**4 + 9*f**2 + 0 + i*f + 5/6*f**3 - 1/60*f**5. Give y(7).
5
Let t = -8 - -10. Let m = t + -3. Let y(k) be the first derivative of 6*k**2 + k - 306. Give y(m).
-11
Let m(d) = 9*d + 11 + 2*d**2 + 26*d + 7*d. Determine m(-21).
11
Let k(p) = -4*p - 3. Suppose 91*h = 4*l + 90*h - 2, 1 = 5*l - h. Determine k(l).
1
Let n(i) be the third derivative of 1/24*i**4 - 1/3*i**3 + 38*i**2 + 0*i + 0. Let t(g) = 5*g + 2. Let o be t(1). Determine n(o).
5
Let a be 1/5 - 1 - 836/(-220). Let m(g) = -6*g**2 + 14*g + 3. Let o(q) = -5*q**2 + 11*q + 3. Let p(v) = 4*m(v) - 5*o(v). Calculate p(a).
9
Let t(x) = 4*x - 6. Let j be t(3). Suppose 2*a = 4*p - j, -2*p + 23 = 2*a + a. Let z(s) = 3*s + 142*s**2 - 69*s**2 - 72*s**2 - p - 2. Determine z(-6).
12
Let i = -7714 - -7720. Let m = -6 - -13. Let z(l) = -7*l + 6*l**2 - 6*l**2 - l**3 + m*l**2. Determine z(i).
-6
Let d(y) = 0 - 4*y + 8 - 1. Suppose -l + 15 - 5 = -3*z, -23 = -4*l - 5*z. Give d(l).
-21
Suppose -z = -5*a + 18, -17*a - 5*z = -22*a + 10. Let k(x) be the second derivative of 5/3*x**3 + 3/2*x**2 + 0 + 6*x - 1/12*x**a. Calculate k(10).
3
Let s(c) = 91*c + 30*c - 34 + 87*c - 214*c. Determine s(-13).
44
Let t(f) = -293 - 292 + 10*f - 334 + 814. Give t(10).
-5
Let r(g) = g**2 + 5*g - 6. Suppose -2*w + 8 = 6*v - 10, 5*w = -3*v + 33. Give r(v).
0
Let y(u) be the second derivative of -u**3/3 + u**2/2 - 50*u - 2. Suppose 4*c - 2*b = -0*c - 8, -3*c + b - 5 = 0. Calculate y(c).
3
Let i be ((-32355)/4314)/(2/(-9) + 35/36). Let z(d) = -d**2 - 11*d - 28 + 4 - d. Give z(i).
-4
Suppose 48*m - 47*m + 5 = 0. Let z(g) be the second derivative of -g**4/12 - 5*g**3/6 + g**2 + 192*g. Calculate z(m).
2
Let r(f) = -f**3 - 29*f**2 - 114*f + 26. Let j be r(-5). Let o(t) = -10*t**2 - 35*t + 1. Give o(j).
-19
Let a(o) = -26*o - 95. Let w = -47608 + 47604. Calculate a(w).
9
Let t(x) = -6*x**3 - 8*x**2 - 16*x + 7. Let b(y) = 5*y**3 + 8*y**2 + 15*y - 5. Let a be 2/(-9) + 3705/513. Let c(p) = a*b(p) + 6*t(p). Determine c(9).
7
Let t(s) = -s**3 + 17*s**2 + 38*s + 22. Let v(h) = 5*h**2 + 12*h + 7. Let b(m) = -2*t(m) + 7*v(m). Calculate b(-3).
-64
Suppose 2*b + b = 117. Let g(s) = -s - 48*s**2 + 1 - 3*s + 86*s**2 - b*s**2. Calculate g(-4).
1
Let o(s) = -13*s + 51. Let m(w) = -w + 5. Let j(a) = -22*m(a) + 2*o(a). Let u(t) = -t + 1. Let x(r) = -j(r) - 10*u(r). Calculate x(1).
12
Let x be 45 - (7 - 4) - (0 + 0). Suppose -3*s - x = 5*t, 3*s - 6*s = 12. Let n(b) = b**3 + 6*b**2 + b - 6. Calculate n(t).
-12
Let v(g) = 45 + 37 - 76 + 3*g + 0*g**2 - g**2. Determine v(10).
-64
Let g(x) = -6*x + 3*x**2 - 4*x**2 - 4 - 2. Let l(w) = w**2 - 29*w - 84. Let d be l(32). Let p be (70/21)/(d/(-18)). What is g(p)?
-1
Suppose 0 = -3*v + 3*r - 12, -3*v - 2*r + 5 - 12 = 0. Let n(q) be the second derivative of q**5/20 + q**4/4 - q**3/6 + q**2/2 - 28*q. What is n(v)?
4
Suppose 58*x - 1201 = 489*x + 3540. Let t(i) = i**3 + 12*i**2 + 8*i - 29. Determine t(x).
4
Let i(h) = -14*h**2 - 44*h - 354. Let v(p) = 5*p**2 + 15*p + 121. Let z(k) = 6*i(k) + 17*v(k). Determine z(15).
23
Let h(t) be the second derivative of 4*t**3 + t**2 + 2*t + 765. What is h(3)?
74
Let t = -8207 + 8208. Let u(s) = 16*s**2 + 6*s - 6. Determine u(t).
16
Let n(m) = 10*m + 54. Let w be n(-4). Suppose -7*l + 14 = -w*l. Let q(b) = 2*b**2 + 3*b + 1. Give q(l).
3
Suppose -5*f = -18*x + 560 - 379, x - 3*f = 40. Let q(w) be the first derivative of -w**4/4 + 7*w**3/3 - 3*w - 2. Determine q(x).
-3
Let t(d) = -110 - 2*d - 42 + 12 - 4*d + 5. Calculate t(-21).
-9
Let f(k) be the third derivative of -k**4/8 - 13*k**3/2 + 2*k**2 - 3141*k. Calculate f(-20).
21
Suppose -5*q - 2*b = -0*b + 43, -27 = 5*q - 2*b. Let j(g) = -2. Let k(m) = m - 7. Let p(a) = -2*j(a) + k(a). Determine p(q).
-10
Let o(v) = 53*v**2 + 3*v + 1. Let p be o(-1). Let s = -130 + p. Let i = 80 + s. Let q(f) = 11*f. Determine q(i).
11
Let l be (7995/(-9))/5 + 4/6. Let q = -169 - l. Let y(a) = -a - 5. Give y(q).
-13
Suppose d - 5*p = 11, 4*p = 5*d + 9*p - 205. Let a be d*(5/(-14) + 8/(-56)). Let b(f) = 2*f + 36. Give b(a).
0
Suppose 12*r + 4 = -8. Let t(i) be the third derivative of -i**9/60480 - i**6/720 + i**5/12 + 5*i**2. Let l(n) be the third derivative of t(n). Determine l(r).
0
Suppose 384 + 656 = 112*q + 96*q. Let a(h) be the third derivative of 0 + 15*h**2 + 1/2*h**3 + 0*h + 1/60*h**q - 1/3*h**4. Determine a(3).
-12
Let y(i) = 69 - 47 - 50 - 30 - 5*i. Give y(-4).
-38
Let k = -5 + 10. Let m(l) be the third derivative of -l**5/60 + 7*l**4/24 - 7*l**3/6 - 12418*l**2 - 3. Give m(k).
3
Suppose 3*t + 5 = 4*t. Suppose 4*n = -0*m - 2*m - 8, 4*m + t*n + 19 = 0. Let h(i) be the first derivative of -i**3/3 - 3*i**2 + 295. Give h(m).
0
Let y(d) = 9*d - 36. Let m be y(4). Let g(j) = m*j - 27 + 14 + 16 - 3*j. Determine g(3).
-6
Let s(l) = -87*l + 52. Let a(f) = 21*f + 6. Let v(k) = -4*a(k) - s(k). Give v(16).
-28
Let d(v) be the first derivative of -v**4/4 + v**3 + v**2/2 + 2*v + 1048. Give d(5).
-43
Let o(l) = 54*l - 112. Let n(g) = 18*g - 38. Let i(v) = -17*n(v) + 6*o(v). Give i(4).
46
Let q(r) = -4 + 3*r + r**3 - r**2 - 4*r**2 + 3. Let k(d) = 2*d - 29. Let a be k(16). Calculate q(a).
-10
Let s(l) be the first derivative of -l**3/3 + 3*l**2/2 - 5*l + 37377. Let x be ((-8)/6)/(1/(-3)). What is s(x)?
-9
Let s(h) = -3*h**2 + 2*h - 1. Let p be (-1 - -8)*(-20)/(-14). Let w be (-7)/(245/(-21)) + 4/p. Calculate s(w).
-2
Let g be ((-3942)/162 + 23)*(-6)/8*3. Let n(c) be the first derivative of -11/2*c**2 - 15 + 1/3*c**3 + g*c. Determine n(8).
-21
Let g(w) be the first derivative of 9*w**2 - 11*w - 8195. Calculate g(1).
7
Let h(u) = -u**2 - 13*u - 13. Let o be (-1581 + 1582)/((1/16)/(-1)). What is h(o)?
-61
Let r(y) be the first derivative of y**4/12 - 3*y**3/2 - 7*y**2/2 + 103*y - 265. Let w(d) be the first derivative of r(d). Give w(10).
3
Let a(d) be the first derivative of d**4/4 - 38*d**3/3 - 39*d**2 - 70*d + 4305. Calculate a(40).
10
Let b(z) = -2*z**2 - 2*z + 2. Let t(f) = -145*f - 26. Let i be t(3). Let q = i + 457. Calculate b(q).
-22
Let w(j) = -j**3 + 10*j**2 - 7*j - 13. Let o(y) = 18*y + 26. Let z(p) = -p. Let k(f) = -o(f) - 12*z(f). Let r be k(-5). Suppose -r*q = -32 - 4. Calculate w(q).
5
Let t(o) = 24*o + 24. Let c be t(-1). Let p(v) be the third derivative of -3*v**2 - 1/24*v**4 + 0 + c*v + 1/6*v**3. Calculate p(3).
-2
Suppose o = 22*z - 23*z + 38, -2 = -o. Let x(i) = 37*i**3 + 11*i**2 + z*i**3 - 72*i**3 - 1 + 10*i. What is x(-10)?
-1
Let a(c) = 2*c**2 - 2*c - 5. Let n(s) = 2*s + 62. Let w be n(-30). Suppose u + 1 = w*m - 4, 4*m = -4*u + 28. Give a(u).
7
Suppose 0 = -2*f - 49 + 39. Let z be (-7 - f)*3/(-2). Let p(q) = 13*q**3 - 4*q + 3. Let k(w) = -7*w**3 + 2*w - 2. Let g(c) = z*p(c) + 5*k(c). What is g(-1)?
-3
Let r(d) = -d**3 + 15*d**2 - 13*d - 9. Let t(n) = -27*n + 44. Let h(x) = -55*x + 88. Let w(g) = 3*h(g) - 5*t(g). Let a be w(1). Give r(a).
5
Let m(r) = r**3 - 6*r**2 - 19*r - 2. Let t be ((-185)/(-111))/((-1)/(-2))*(-12)/(-5). Give m(t).
-26
Let g = 9029 - 9030. Let y(p) = 42*p - 3. Give y(g).
-45
Let p = 1154 - 1147. Let x = -7 - -11. Let t(v) = 4*v - 5*v + x + 0. Give t(p).
-3
Let f(b) = 2*b**2 - 2*b + 1. Suppose 0*g + 630 = -2*g - 4*k, -4*g = 4*k + 1280. Let s = 328 + g. What is f(s)?
13
Let l(k) = -k**3 - 9*k**2 - 10*k + 7. Let r(n) = -n**3 - 8*n**2 - 7*n + 7. Let w(p) = -2*l(p) + 3*r(p). Determine w(-4).
-21
Let j(o) be the first derivative of -o**3/3 + 29*o**2 - 437*o - 713. Determine j(9).
4
Let j(h) = -2*h**3 - 2*h**3 - 3*h - 8 - 1180*h**2 + 1177*h**2 + 3*h**3. Calculate j(0).
-8
Suppose -g - d + 5 + 0 = 0, -3*g + d = 1. Let o be (8 - 7) + (1/g - 11). Let t(h) = h**2 + 9*h + 7. Calculate t(o).
7
Let l(f) = -2*f**3 + 14*f**2 - 12*f + 20. Suppose 27*q - 68*q = -246. Calculate l(q).
20
Let a(x) be the third derivative of x**5/60 - x**4/4 - 4*x**3/3 - 2*x**2 + 11. Let d be a(8). Let f(q) = -q + 9. Determine f(d).
1
Let v(t) = t**3 - 